{"id":13,"date":"2026-02-06T19:14:13","date_gmt":"2026-02-06T18:14:13","guid":{"rendered":"https:\/\/l-pec.dynv6.net\/?page_id=13"},"modified":"2026-02-07T17:40:29","modified_gmt":"2026-02-07T16:40:29","slug":"se-joindre-a-la-plainte-pourquoi-et-comment","status":"publish","type":"page","link":"https:\/\/l-pec.dynv6.net\/index.php\/se-joindre-a-la-plainte-pourquoi-et-comment\/","title":{"rendered":"Se joindre \u00e0 la plainte: pourquoi et comment?"},"content":{"rendered":"\n<p><h2>D&rsquo;une mani\u00e8re g\u00e9n\u00e9rale:<\/h2><\/p>\n\n\n\n<ul class=\"wp-block-list\">\n<li>le d\u00e9p\u00f4t de plainte est facultatif<\/li>\n\n\n\n<li>l&rsquo;adh\u00e9sion \u00e0 ALPEC est facultative<\/li>\n\n\n\n<li>L&rsquo;adh\u00e9sion \u00e0 ALPEC ne sert \u00e0 rien si on n&rsquo;a pas rejoint la plainte. ALPEC ne peux pas porter plainte mais seulement soutenir les plaignant.<\/li>\n\n\n\n<li>L&rsquo;int\u00e9r\u00eat de porter plainte est:<br>&#8211; de pouvoir suivre l&rsquo;\u00e9volution de la proc\u00e9dure et intervenir si n\u00e9cessaire<br>&#8211; de pouvoir obtenir des \u00e9ventuels d\u00e9dommagements qui n&rsquo;auraient pas d\u00e9j\u00e0 \u00e9t\u00e9 obtenus par la communaut\u00e9 de cr\u00e9anciers. En particulier pour les actions et les obligation du Luxembourg.<\/li>\n<\/ul>\n\n\n\n<p><strong>Un projet de lettre simplifi\u00e9e pour se joindre \u00e0 la plainte:<\/strong><\/p>\n\n\n\n<div class=\"wp-block-group is-nowrap is-layout-flex wp-container-core-group-is-layout-ad2f72ca wp-block-group-is-layout-flex\">\n<div class=\"wp-block-file\"><a id=\"wp-block-file--media-7edb0410-810a-457d-9c8c-29f83fc3cc9a\" href=\"https:\/\/l-pec.dynv6.net\/wp-content\/uploads\/2026\/02\/rejoindre-la-plainte.docx\">Projet de lettre pour rejoindre la plainte<\/a><a href=\"https:\/\/l-pec.dynv6.net\/wp-content\/uploads\/2026\/02\/rejoindre-la-plainte.docx\" class=\"wp-block-file__button wp-element-button\" download aria-describedby=\"wp-block-file--media-7edb0410-810a-457d-9c8c-29f83fc3cc9a\">T\u00e9l\u00e9charger<\/a><\/div>\n<\/div>\n\n\n\n<p><strong>A personnaliser:<\/strong><\/p>\n\n\n\n<ul class=\"wp-block-list\">\n<li>Vos noms et adresses en haut \u00e0 gauche<\/li>\n\n\n\n<li><mark style=\"background-color:rgba(0, 0, 0, 0);color:#0693e3\" class=\"has-inline-color\">\u00ab\u00a0d\u00e9tenteur <em>d\u2019obligations \/ d\u2019actions<\/em> de la soci\u00e9t\u00e9\u00a0\u00bb<\/mark>: supprimer ce qui ne s&rsquo;applique pas.<\/li>\n\n\n\n<li><mark style=\"background-color:rgba(0, 0, 0, 0);color:#0693e3\" class=\"has-inline-color\">\u00ab\u00a0En effet, j\u2019ai acquis, en [mois\/ann\u00e9e], [nombre] obligations \/ actions de PrimeEnergy Cleantech SA pour un montant de CHF [montant],\u00a0\u00bb <\/mark>\u00e0 rer\u00e9diger en fonction de votre situation.<\/li>\n\n\n\n<li><mark style=\"background-color:rgba(0, 0, 0, 0);color:#0693e3\" class=\"has-inline-color\">\u00ab\u00a01. Le volet p\u00e9nal : Je demande express\u00e9ment la poursuite et la condamnation de l&rsquo;auteur (ou des auteurs) de l&rsquo;infraction.<br>2. Le volet civil : Je d\u00e9clare faire valoir des pr\u00e9tentions civiles en r\u00e9paration du dommage subi et\/ou du tort moral. Je me r\u00e9serve le droit de chiffrer ces pr\u00e9tentions ult\u00e9rieurement au cours de l&rsquo;instruction.\u00a0\u00bb<\/mark>: vous pouvez supprimer l&rsquo;une ou l&rsquo;autre. Il semble que de toute fa\u00e7on, le MP vous demandera de confirmer sur leur formulaire.<\/li>\n\n\n\n<li><mark style=\"background-color:rgba(0, 0, 0, 0);color:#0693e3\" class=\"has-inline-color\">\u00ab\u00a0Les communications du Minist\u00e8re public peuvent m\u2019\u00eatre adress\u00e9es par courriel \u00e0 l\u2019adresse&nbsp;:\u00a0\u00bb<\/mark>: vous pouvez ajouter votre adresse mail. Il semble que de toute fa\u00e7on, le MP vous demandera de confirmer sur leur formulaire.<\/li>\n\n\n\n<li><mark style=\"background-color:rgba(0, 0, 0, 0);color:#0693e3\" class=\"has-inline-color\">Annexes: <\/mark>la liste des copies de documents (ne pas joindre les originaux) qui attestent vos investissements (Certificat d&rsquo;obligation ou d&rsquo;action, contrat de fiducie&#8230;).<\/li>\n<\/ul>\n\n\n\n<p><\/p>\n","protected":false},"excerpt":{"rendered":"<p>D&rsquo;une mani\u00e8re g\u00e9n\u00e9rale: Un projet de lettre simplifi\u00e9e pour se joindre \u00e0 la plainte: A personnaliser:<\/p>\n","protected":false},"author":1,"featured_media":0,"parent":0,"menu_order":0,"comment_status":"open","ping_status":"closed","template":"","meta":{"footnotes":""},"class_list":["post-13","page","type-page","status-publish","hentry"],"_links":{"self":[{"href":"https:\/\/l-pec.dynv6.net\/index.php\/wp-json\/wp\/v2\/pages\/13","targetHints":{"allow":["GET"]}}],"collection":[{"href":"https:\/\/l-pec.dynv6.net\/index.php\/wp-json\/wp\/v2\/pages"}],"about":[{"href":"https:\/\/l-pec.dynv6.net\/index.php\/wp-json\/wp\/v2\/types\/page"}],"author":[{"embeddable":true,"href":"https:\/\/l-pec.dynv6.net\/index.php\/wp-json\/wp\/v2\/users\/1"}],"replies":[{"embeddable":true,"href":"https:\/\/l-pec.dynv6.net\/index.php\/wp-json\/wp\/v2\/comments?post=13"}],"version-history":[{"count":11,"href":"https:\/\/l-pec.dynv6.net\/index.php\/wp-json\/wp\/v2\/pages\/13\/revisions"}],"predecessor-version":[{"id":45,"href":"https:\/\/l-pec.dynv6.net\/index.php\/wp-json\/wp\/v2\/pages\/13\/revisions\/45"}],"wp:attachment":[{"href":"https:\/\/l-pec.dynv6.net\/index.php\/wp-json\/wp\/v2\/media?parent=13"}],"curies":[{"name":"wp","href":"https:\/\/api.w.org\/{rel}","templated":true}]}}